0 = x*t. Calculate the highest common factor of t and 342.
18
Let x = 2777 + -2765. Let v = 19 - 13. Calculate the highest common divisor of v and x.
6
Let n be (-16 - 0)/(-4 + (-110)/(-27)). Let w = -152 - n. Let l be w/10 - 4/10. What is the greatest common factor of l and 66?
6
Let v be ((-1)/(-2))/((-41)/2870). Let b = -14 - v. Calculate the highest common divisor of 147 and b.
21
Suppose -61*g + 15372 = -75*g. Let y = g + 1611. What is the greatest common divisor of 27 and y?
27
Suppose 32053 - 20861 = v. What is the greatest common factor of 8 and v?
8
Let x = -15 - -10. Let k be (-5)/x + -4 - -3. Suppose -11*z + 110 = -k*z. Calculate the greatest common divisor of 90 and z.
10
Suppose -347*w + 6075 = -332*w. What is the highest common factor of 960 and w?
15
Suppose 97*l = 100*l + 9, 0 = 3*a + 2*l - 39. Let i be 6*-1*9/(-6). What is the highest common divisor of a and i?
3
Let a be 2 - (-18)/(-2*11/(-22)). What is the greatest common factor of 23620 and a?
20
Suppose -54*j = -46*j - 528. Suppose r + 2*r - j = 0. What is the greatest common divisor of r and 1034?
22
Let y be (-24)/((-456)/(-209)) - -98. Suppose -88 - 120 = -4*x. Suppose 0 = 2*g - 2*q - x, 4*g - 31 = q + 82. Calculate the highest common divisor of y and g.
29
Suppose 0 = 9*z - 4*z + 3*b - 113, 0 = 2*b - 2. Let u = 560 - 538. What is the greatest common divisor of u and z?
22
Let t be ((-63)/28)/(0 - (1745/(-440) - -4)). Calculate the greatest common divisor of 1617 and t.
33
Let k = 114 - 110. Suppose -n - k*p + 2*p = -22, 2*n = -p + 29. Calculate the highest common divisor of n and 20.
4
Let p = 19571 - 10695. What is the greatest common divisor of p and 56?
28
Let m be 27 + -7 + (6 - 0). Suppose 0 = -5*b + 597 + 118. What is the highest common divisor of m and b?
13
Let y be (-435)/87*(-2 + -1 - 3). Calculate the greatest common factor of y and 486.
6
Suppose 8 = a + 2*u, -10*a - 8 = -14*a - 2*u. Let z be (-3 + 9)/(a - -2). What is the highest common factor of 24 and z?
3
Let l(g) = 756*g + 14. Let c(z) = 754*z + 14. Let d(x) = 7*c(x) - 6*l(x). Let k be d(1). What is the highest common divisor of k and 28?
28
Suppose 0 = -189*s + 188*s + 849. Let p = 960 - s. Calculate the highest common factor of p and 407.
37
Let n be 5/(-20)*0 - (-3 - 19). Suppose 4*h - 4*s - 32 = 0, -3*h = 14*s - 15*s - n. Calculate the highest common divisor of h and 28.
7
Let s be (-3)/9 - (-325)/3. Suppose -11*n = -14*n + s. Let w(g) = -g**3 - 20*g**2 - g - 17. Let b be w(-20). Calculate the greatest common divisor of b and n.
3
Suppose 4 = r, 6*m = 3*m + 4*r + 95. Suppose -m + 9 = -7*q. Calculate the greatest common divisor of q and 20.
4
Suppose 39 = 10*q + 9. Suppose 0 = -o - q*m + 78, -418 = -10*o + 5*o - m. Calculate the highest common divisor of 140 and o.
28
Suppose -1044 = -110*p + 1926. What is the greatest common factor of p and 309?
3
Let o = 1 + -1. Suppose -x - 2*f + 4 = -5, o = 4*x + 4*f - 40. Let z(i) = -i**3 + 11*i**2 + 9. Let p be z(x). What is the highest common divisor of p and 99?
9
Suppose -5*x + 2097 = -1203. Let y be -2*(x/(-8))/11. What is the highest common factor of y and 3?
3
Suppose 27*n = 74*n - 20*n - 918. Let a be (3 + 1)/(-4) + 239. What is the highest common divisor of n and a?
34
Let u(b) = 4*b**3 - 27*b**2 - 5*b - 11. Let d be u(7). Suppose -k + 5*o = 4*o - 53, d*o - 184 = -4*k. Calculate the highest common divisor of 21 and k.
7
Let p = -35 + 54. Let u(k) = 6*k**2 - 3*k + 36. Let y be u(5). What is the greatest common divisor of y and p?
19
Suppose -95*j - 192 + 21472 = 0. Calculate the greatest common factor of j and 48.
16
Let p = -7 + 13. Let t be p/39 + 120/65. Let x be 22/18*8 - (-4)/18. What is the highest common factor of t and x?
2
Let x = -9 + 12. Suppose x*y = -6, 2*a + a - 4*y = 236. Calculate the greatest common divisor of 4 and a.
4
Suppose 9*k - 2*n = 4*k + 1027, 0 = -2*n - 2. Let w = k - 97. What is the highest common factor of w and 24?
12
Let a be (-2626)/8 - (-5)/4. Let l = a + 340. Calculate the greatest common factor of l and 117.
13
Suppose -506 = t - 12*t. Suppose -34*i = -t*i + 480. What is the highest common divisor of 170 and i?
10
Suppose -2*m = 31*m + 8*m - 155800. Calculate the greatest common divisor of 665 and m.
95
Suppose 788 = 3*h - r - 62, 5*h - 1428 = -4*r. Let v(m) = 1644*m - 45819. Let g be v(28). Calculate the greatest common divisor of g and h.
71
Suppose 44*u = 41*u - x + 38, 5*u + 5*x = 70. What is the highest common divisor of 384 and u?
12
Suppose -23*c + 12 = -20*c. Suppose -230 + 62 = -w + c*v, 5*v = -4*w + 609. Calculate the highest common factor of 117 and w.
39
Let w = -710 + 722. Let p(t) = -t - 8. Let l be p(-10). Suppose -4*m = 5*f - 2*m - 9, -l*f + 15 = -3*m. Calculate the greatest common divisor of w and f.
3
Suppose -2*l = 148*o - 146*o - 280, 0 = -4*o - 3*l + 560. Calculate the greatest common factor of o and 1897.
7
Suppose 4*w - 372 = 85*l - 89*l, -w + 108 = 4*l. What is the highest common divisor of 2200 and w?
88
Suppose 3*r = -3, -8*r = -5*o - 10*r + 13. Suppose m - o*m = 3*x - 184, 5*m = 5*x - 340. Calculate the highest common divisor of x and 256.
64
Let p be 511/4 - (-10)/40 - 6. Suppose -7*m = p - 2418. Calculate the greatest common divisor of m and 123.
41
Let d = -963 - -1421. Suppose -x - 3*x - 204 = -2*k, -d = -4*k - 2*x. What is the greatest common divisor of k and 16?
16
Suppose 93*j - 127*j = -119952. Calculate the highest common divisor of 414 and j.
18
Let c(r) = r**3 - 7*r**2 + 36*r + 14. Let n be c(14). Calculate the highest common factor of 21 and n.
21
Suppose -2*s = o - 4114, -o + 25*s - 29*s + 4106 = 0. What is the highest common divisor of 18 and o?
18
Suppose -3*g - 4*v = -2*v - 6, 4*v - 2 = -g. Suppose g*b + 108 = 100. Let a be 7*(-9)/7*b. What is the greatest common factor of a and 54?
18
Let j = 3 - 2. Let x be 34/(-1326) + 2814/234. What is the highest common divisor of j and x?
1
Suppose -l - 14110 + 53854 = 0. What is the highest common factor of l and 72?
72
Let m(z) = -6*z + 37. Let f be m(-6). Let a = f - 58. Calculate the highest common divisor of a and 105.
15
Let z = -22 - -36. Let u = -239 + 307. Suppose 4*f = -2*y + u, -y + 1 = 4*f - 39. What is the highest common divisor of z and y?
14
Let n(r) = 28*r**2 - 19*r + 88. Let x be n(5). Suppose -2079 = -3*q - 3*i, q + 4*i - x = -0*q. What is the highest common divisor of q and 77?
77
Let x = -172 - -202. What is the greatest common divisor of 15 and x?
15
Let g be 4/(-46) - 225400/(-529). Let z be g - (1 - -11 - 4). What is the greatest common factor of z and 38?
38
Suppose -10748 = -98*a - 8396. Let y be 527 - 0 - (-3 - -2). Calculate the highest common divisor of a and y.
24
Let n(q) = 403*q - 1835. Let j be n(5). Calculate the greatest common divisor of j and 198.
18
Suppose -39*p = -79*p + 37*p + 17931. Calculate the highest common divisor of p and 139.
139
Let f(s) = s**3 + 4*s**2 + 4*s + 6. Let q be f(-3). Let y(o) = o**q + o**2 - 4*o**2 + o + o**3. Let h be y(2). What is the highest common factor of 18 and h?
6
Let m = 291 + 321. Let j = m + -564. Calculate the highest common factor of j and 80.
16
Suppose -21*q + 17599 + 19004 = 0. Calculate the greatest common divisor of 42 and q.
21
Let a(f) = 11*f - 20. Let t be a(4). Let c(p) = 4*p - 28. Let r be c(t). Calculate the highest common divisor of r and 680.
68
Let q = -157107 - -157117. Let n(s) = -2*s + 1 + 3*s - 9*s. Let k be n(-3). What is the highest common divisor of q and k?
5
Let r(b) = b**2 + 5*b - 47. Let a be r(-10). Suppose 47 = a*p - 5*f, f - 12 = -3*p + 29. Calculate the highest common divisor of 91 and p.
7
Suppose 181*n = 158521 - 20961. Calculate the greatest common divisor of n and 240.
40
Let t(w) be the second derivative of 9*w**5/10 - w**4/12 + w**3/6 - w**2 - 55*w. Let n be t(2). Calculate the greatest common divisor of 60 and n.
20
Let n = -16188 + 20435. Calculate the highest common divisor of n and 685.
137
Let h be (-23*44/(-1518))/(1/54). What is the greatest common divisor of 244 and h?
4
Let v(h) = 7 + 16 - 11*h - 15*h + 38*h. Let i be v(8). Let y = -79 + i. What is the highest common factor of y and 10?
10
Let u(o) = 21*o + 545. Let f be u(-15). Calculate the greatest common divisor of f and 184.
46
Let g be 0/(4*(-2)/8). Suppose -